-3. What is the greatest common divisor of x and 13?
13
Suppose w + 78 = 4*w. Suppose -2*a - w + 196 = 5*g, -a + 84 = 3*g. Calculate the greatest common factor of 10 and a.
10
Let g be ((-72)/(-15))/((-3)/(-10)). Let d(a) = -a**3 - 8*a**2 - 7*a + 4. Let l be d(-7). Let p be g/6*6/l. What is the highest common factor of 2 and p?
2
Let x be (-10)/(-7)*(18 - 4). What is the highest common factor of 180 and x?
20
Let a(l) = 3*l + 1 + l + 11*l + l. Let x be a(1). Calculate the highest common factor of 68 and x.
17
Let p = -37 + 69. Calculate the greatest common factor of p and 8.
8
Suppose 3*b + 2 - 26 = 0. Let k = 14 - b. Let a be (0 - (-2)/(-2)) + k. Calculate the highest common factor of 5 and a.
5
Suppose 7*l = 8*l, 0 = -3*m - 2*l + 72. Calculate the highest common divisor of m and 168.
24
Let l be 421/10 + 7/(-70). Calculate the highest common divisor of l and 28.
14
Let k(t) = -t**3 - 3*t**2 + 5 - 5*t - t**2 + 2*t**3. Let v be k(4). Let c = v + 31. What is the highest common divisor of 176 and c?
16
Suppose -2*y + 9 = y - 3*h, -16 = 4*h. Let r be y/(-2) - 318/(-4). Calculate the highest common factor of r and 8.
8
Let w(m) = -m**3 + 4*m**2 + 7*m - 9. Let i be w(6). Let v = 237 + i. Calculate the greatest common divisor of v and 18.
18
Let o = -78 - -132. What is the greatest common divisor of 6 and o?
6
Let w be (8/(-1))/(4*5/(-130)). Suppose -4*b = -0*b - 104. What is the highest common factor of w and b?
26
Suppose 0 = -n - 3*s + 21, 2*n + 3*s + 39 = 3*n. Suppose 4*d = u + 6, 0 = 2*u - d - n + 7. What is the greatest common divisor of 14 and u?
14
Suppose 3*m + 209 = -m - 5*c, -5*m = 4*c + 259. Let i = m - -92. Let w = i + 64. Calculate the greatest common divisor of w and 15.
15
Let l be -2 + 6 + -1 - 5. Let z be (-1)/l*40/4. Calculate the highest common divisor of z and 30.
5
Suppose -7*i + 94 = -4. What is the highest common divisor of 42 and i?
14
Let k(h) = 24*h**3 - h**2 + 1. Let j be k(1). What is the greatest common divisor of 72 and j?
24
Let k = -16 + 18. Calculate the greatest common divisor of 2 and k.
2
Let w be 4/((16/38)/(-4)). Let m be 2/7 + w/(-14). Calculate the greatest common divisor of 6 and m.
3
Let w(k) = -k**2 - 13*k + 4. Let o be w(-9). Suppose 6*f - 10*f = -o. What is the highest common factor of f and 10?
10
Suppose -5*s = q - 23, 2*q - s + 5*s - 28 = 0. What is the highest common divisor of 24 and q?
8
Let n be 2610/120 - (6/(-8))/3. Suppose -p = 3*p - 44. What is the greatest common factor of p and n?
11
Suppose -18 + 408 = 5*v. Calculate the greatest common divisor of v and 52.
26
Let q(h) = -9*h + 27. Let x = 10 + -21. Let d be q(x). What is the highest common divisor of 18 and d?
18
Let s be (-33 + (0 - -4))*-1. Calculate the highest common divisor of s and 290.
29
Let i be (-1)/5 - 28/10. Let r be (-92)/(-6) - (-1)/i. Let j = r - -1. Calculate the highest common factor of j and 2.
2
Let y(g) = 6*g + 1. Let s be y(2). Calculate the greatest common divisor of 52 and s.
13
Suppose 0 = b + 4*c - 28, 0*b = -b + c + 8. Let k(t) = -2*t**2 - t - 1. Let w be k(5). Let n = -32 - w. What is the highest common divisor of n and b?
12
Let u(b) = -4*b + 7. Let x be u(-5). Suppose -4*n + n + x = 0. Suppose p = -l + 5, 2*l - 3*p = -0*l + 15. What is the greatest common divisor of l and n?
3
Suppose 48 = 5*m - 7. Calculate the highest common factor of 121 and m.
11
Suppose 4*c + x - 54 = 0, -3*c + 48 = -2*x - x. Calculate the greatest common divisor of c and 14.
14
Let p be 6*((-15)/25)/((-27)/30). What is the greatest common divisor of p and 10?
2
Let z = -8 - -11. Let o(a) = a**2 + 180 + a**2 - z*a**2. Let w be o(0). What is the greatest common divisor of w and 20?
20
Suppose 0 = 3*h - 17 - 7. Calculate the highest common factor of h and 20.
4
Let b = 201 + -183. Let m be (-1258)/(-7) - 4/(-14). What is the greatest common divisor of m and b?
18
Let w(s) = 4*s**2 - 5. Let h be w(-2). Let b be (8 - -3)/((-1)/(-11)). Calculate the highest common divisor of b and h.
11
Suppose 3*s = 269 + 424. Suppose 18 = l - 3. What is the greatest common divisor of l and s?
21
Let x(s) be the third derivative of s**4/24 + s**3/2 - 2*s**2. Let i be x(0). Let p(f) = f + 24. Let l be p(0). What is the greatest common divisor of l and i?
3
Let i(o) = 56*o. Let v be i(1). Let p(u) = 3 + 11 - 5*u + 7*u**2 - u**3 - 12. Let n be p(6). Calculate the greatest common divisor of v and n.
8
Suppose d + 4*u - 762 = -4*d, -4*u = -d + 162. Calculate the greatest common divisor of 14 and d.
14
Suppose 4*a = 83 + 85. What is the highest common divisor of 14 and a?
14
Let b be (16/6 - 2) + 1936/12. What is the greatest common factor of b and 18?
18
Let h be (0 + 1)*(-36)/(-2). Suppose h = l - 0*l. Calculate the greatest common factor of l and 18.
18
Let x(t) = -6*t - 95. Let v be x(-18). Let j(f) = -30*f + 1. Let o be j(-3). What is the greatest common divisor of o and v?
13
Suppose -7*v - 8 = -3*v. Let o be (9/(-6))/(v/60). Calculate the greatest common divisor of o and 5.
5
Let l = 29 + -17. Suppose 4*v + 0*v - 8 = 0. Suppose -3*s = -9, -5*t + 3*s = v*s - 27. What is the highest common divisor of l and t?
6
Let j(z) = z**3 + 8*z**2 - 4*z - 17. Let y be j(-7). Let m = 13 - 1. Calculate the highest common divisor of y and m.
12
Let o(s) = 3*s + 27. Let g be o(-5). What is the highest common divisor of g and 300?
12
Suppose 3*q - 2*l - 33 = 0, q - 4*q - 5*l = -54. Calculate the highest common factor of q and 91.
13
Let m(v) = v**3 - 3*v**2 + 2*v - 3. Let z be m(3). What is the highest common divisor of z and 18?
3
Suppose -x + 8 = -12. Suppose 0 = -v + 25 + x. Calculate the greatest common factor of v and 9.
9
Suppose -5*o + 10 = -3*o. Suppose o*w - 3*i = 1039, 3*w - w - 2*i - 414 = 0. Calculate the greatest common factor of w and 19.
19
Let g(l) = -l**2 - 23*l - 32. Let o be g(-16). Calculate the highest common divisor of o and 16.
16
Let k = 15 + 15. Suppose 2*l - 8 = 22. Calculate the highest common divisor of k and l.
15
Suppose -25*k + 15 = -22*k. Calculate the greatest common factor of k and 5.
5
Let g(m) = -2*m + 16. Let o be g(7). Suppose -o*q - 4 = -4*q. What is the greatest common divisor of q and 18?
2
Let x be ((-1)/(-3))/(16/3696). Suppose -3*l + 36 = 3*n, 0 = -0*n - n + 1. What is the greatest common divisor of x and l?
11
Let t(g) = 9*g - 1. Let q be t(4). Let r = 163 - q. What is the highest common divisor of 16 and r?
16
Let j be 3*-7*2/6. Let r(u) = -2*u - 6. Let q be r(j). Calculate the greatest common factor of 20 and q.
4
Suppose -85 = 5*c + 5. Let m be (-1 + (0 - 0))*c. Let n be (-2)/(-7) + 500/14. Calculate the highest common factor of m and n.
18
Let p(b) = -b + 15. Let j be p(6). Let m be (-2 - (-15)/6)*-6. Let q be (-82)/(-1) - (4 + m). What is the greatest common factor of q and j?
9
Suppose -l + 2 + 4 = 0. Calculate the highest common divisor of l and 4.
2
Let v be 2/7 + 122/14. Let m be 1*67*(0 - -6). Suppose 4*t - 3*g = -0*t + m, t - 2*g - 103 = 0. What is the highest common factor of t and v?
9
Suppose -2*i + 13 = -i - 2*j, 3*i = -j + 4. Let z = 1 - -1. Suppose 2*u = -t + 14, 8*u - 3*u = -z*t + 37. Calculate the greatest common divisor of i and u.
3
Let s = -22 - -67. Suppose -3*u = 5*j - 5*u + 21, 4*j + 18 = u. Let h(d) = -5*d + 5. Let v be h(j). Calculate the highest common factor of s and v.
15
Suppose 0 = -2*x + 41 + 49. Let j be 1*(-3 + -29 - -1). Let i be (-3)/6 + j/(-2). Calculate the highest common factor of x and i.
15
Suppose 2*f + 2*f - 16 = 0. Suppose 2*n - 4*n = -5*g + 150, 4*g - 5*n - 137 = 0. Calculate the greatest common factor of g and f.
4
Let x be 27/(-12)*(-8)/3. Suppose -4*v - 3*n + 1 = 0, -x*n - 4 = 4*v - 2*n. Calculate the highest common factor of 20 and v.
4
Let a(i) be the first derivative of i**4/4 + 10*i**3/3 - 4*i**2 - 15*i - 7. Let l be a(-10). Calculate the highest common divisor of l and 26.
13
Let a = 173 + -21. Calculate the highest common divisor of a and 19.
19
Suppose -5*i + 27 + 8 = 0. Calculate the highest common divisor of i and 77.
7
Suppose 44*n - 42*n - 42 = 0. Calculate the greatest common factor of 147 and n.
21
Let v be 20*((-1)/(-2))/((-25)/(-80)). Calculate the highest common factor of 16 and v.
16
Let m(d) = 12*d**2 + 5*d - 4. Let i be m(3). Let t be (34/6)/(3/9). Calculate the